{"id":525,"date":"2025-06-01T10:50:03","date_gmt":"2025-06-01T10:50:03","guid":{"rendered":"https:\/\/akv-alsleben.de\/?page_id=525"},"modified":"2025-06-01T10:50:03","modified_gmt":"2025-06-01T10:50:03","slug":"aufgaben-prinzenpaar","status":"publish","type":"page","link":"https:\/\/akv-alsleben.de\/?page_id=525","title":{"rendered":"Aufgaben Prinzenpaar"},"content":{"rendered":"\n<h2 class=\"wp-block-heading has-text-align-center has-text-color has-link-color wp-elements-bec835b64703fa4e034639195a728f15\" style=\"color:#ff0000\">Das Prinzenpaar des AKV und seine Aufgaben<\/h2>\n\n\n\n<div class=\"wp-block-columns is-layout-flex wp-container-core-columns-is-layout-9d6595d7 wp-block-columns-is-layout-flex\">\n<div class=\"wp-block-column has-text-color has-link-color wp-elements-b2ac32f61472e753c35187e5328c310e is-layout-flow wp-block-column-is-layout-flow\" style=\"color:#ff0000;flex-basis:33.33%\">\n<p>Vorwort:<\/p>\n<\/div>\n\n\n\n<div class=\"wp-block-column is-layout-flow wp-block-column-is-layout-flow\" style=\"flex-basis:66.66%\">\n<p class=\"has-text-color has-link-color wp-elements-90be336f811219942011126a9ae6f3a8\" style=\"color:#ff0000\">Welches junge M\u00e4dchen tr\u00e4umt nicht davon, einmal im Leben<\/p>\n\n\n\n<p class=\"has-text-color has-link-color wp-elements-fb577bf55e38003ead84a2d5882202aa\" style=\"color:#ff0000\">Prinzessin zu sein und mit ihrem Traumprinzen Seite an Seite im<\/p>\n\n\n\n<p class=\"has-text-color has-link-color wp-elements-3a3b84e9b4c626b2846ece2e0252d530\" style=\"color:#ff0000\">Prinzessinnenkleid durch die festlich geschm\u00fcckten S\u00e4le zu<\/p>\n\n\n\n<p class=\"has-text-color has-link-color wp-elements-4b25247a1f660ba15197053cbddc9060\" style=\"color:#ff0000\">Schreiten. Die fr\u00f6hlichen Menschen jubeln euch zu und lassen<\/p>\n\n\n\n<p class=\"has-text-color has-link-color wp-elements-4243b8c1b15a45eb9869d3bfcbf4e228\" style=\"color:#ff0000\">euch HOCH leben.<\/p>\n\n\n\n<p class=\"has-text-color has-link-color wp-elements-cd9f720ca152ca0c5b9a723dd1061caa\" style=\"color:#ff0000\">Das Prinzenpaar sollte also Freude an gro\u00dfen Auftritten in der<\/p>\n\n\n\n<p class=\"has-text-color has-link-color wp-elements-c9d5686a254ccec71155f51f68525c20\" style=\"color:#ff0000\">Menschenmenge, Freude am Feiern, gute Laune und<\/p>\n\n\n\n<p class=\"has-text-color has-link-color wp-elements-40c4291182e13c365b6e188d2385f671\" style=\"color:#ff0000\">Selbstbewusstsein mitbringen. Genie\u00dft einfach diese Zeit!!!<\/p>\n<\/div>\n<\/div>\n\n\n\n<div class=\"wp-block-columns has-text-color has-link-color wp-elements-e30683f28278189f0edaa3429b499449 is-layout-flex wp-container-core-columns-is-layout-9d6595d7 wp-block-columns-is-layout-flex\" style=\"color:#ff0000\">\n<div class=\"wp-block-column is-layout-flow wp-block-column-is-layout-flow\" style=\"flex-basis:33.33%\">\n<p>\u00a71<\/p>\n<\/div>\n\n\n\n<div class=\"wp-block-column is-layout-flow wp-block-column-is-layout-flow\" style=\"flex-basis:66.66%\">\n<p>Die Amtszeit des Prinzenpaares dauert eine Session, also vom<\/p>\n\n\n\n<p>11.11. bis zum Aschermittwoch.<\/p>\n<\/div>\n<\/div>\n\n\n\n<div class=\"wp-block-columns has-text-color has-link-color wp-elements-d3e41fc767c7f6e811f2c391f141b77d is-layout-flex wp-container-core-columns-is-layout-9d6595d7 wp-block-columns-is-layout-flex\" style=\"color:#ff0000\">\n<div class=\"wp-block-column is-layout-flow wp-block-column-is-layout-flow\" style=\"flex-basis:33.33%\">\n<p>\u00a72<\/p>\n<\/div>\n\n\n\n<div class=\"wp-block-column is-layout-flow wp-block-column-is-layout-flow\" style=\"flex-basis:66.66%\">\n<p>Das Prinzenpaar repr\u00e4sentiert den AKV bei Veranstaltungen,<\/p>\n\n\n\n<p>bei Festumz\u00fcgen, kn\u00fcpft und pflegt die Kontakte zu<\/p>\n\n\n\n<p>anderen Karnevalsvereinen.<\/p>\n<\/div>\n<\/div>\n\n\n\n<div class=\"wp-block-columns is-layout-flex wp-container-core-columns-is-layout-9d6595d7 wp-block-columns-is-layout-flex\">\n<div class=\"wp-block-column has-text-color has-link-color wp-elements-3e404877b75b009036b312e8f5072030 is-layout-flow wp-block-column-is-layout-flow\" style=\"color:#ff0000;flex-basis:33.33%\">\n<p>\u00a73<\/p>\n<\/div>\n\n\n\n<div class=\"wp-block-column has-text-color has-link-color wp-elements-d50817aac82ddcad9be82d2307c88225 is-layout-flow wp-block-column-is-layout-flow\" style=\"color:#ff0000;flex-basis:66.66%\">\n<p>Das Prinzenpaar w\u00e4hlt seine festliche Kleidung selbst aus,<\/p>\n\n\n\n<p>wobei der Verein eine finanzielle Unterst\u00fctzung bietet.<\/p>\n\n\n\n<p>Die Frisur der Prinzessin kann durch einen selbst gew\u00e4hlten<\/p>\n\n\n\n<p>Fris\u00f6rsalon oder in der vereinseigenen Maske gestaltet<\/p>\n\n\n\n<p>werden.<\/p>\n<\/div>\n<\/div>\n\n\n\n<div class=\"wp-block-columns is-layout-flex wp-container-core-columns-is-layout-9d6595d7 wp-block-columns-is-layout-flex\">\n<div class=\"wp-block-column has-text-color has-link-color wp-elements-836025261127d9dae36e3ffcc87d47d1 is-layout-flow wp-block-column-is-layout-flow\" style=\"color:#ff0000;flex-basis:33.33%\">\n<p>\u00a74<\/p>\n<\/div>\n\n\n\n<div class=\"wp-block-column has-text-color has-link-color wp-elements-84da534c3d19d3be5b63af5ce5579efe is-layout-flow wp-block-column-is-layout-flow\" style=\"color:#ff0000;flex-basis:66.66%\">\n<p>Das Prinzenpaar schreibt eine Proklamation und tr\u00e4gt diese<\/p>\n\n\n\n<p>zu den Veranstaltungen vor.<\/p>\n<\/div>\n<\/div>\n\n\n\n<div class=\"wp-block-columns has-text-color has-link-color wp-elements-0f96c3d155c9329f518a4b81682b0286 is-layout-flex wp-container-core-columns-is-layout-9d6595d7 wp-block-columns-is-layout-flex\" style=\"color:#ff0000\">\n<div class=\"wp-block-column is-layout-flow wp-block-column-is-layout-flow\" style=\"flex-basis:33.33%\">\n<p>\u00a75<\/p>\n<\/div>\n\n\n\n<div class=\"wp-block-column is-layout-flow wp-block-column-is-layout-flow\" style=\"flex-basis:66.66%\">\n<p>Das Prinzenpaar ist f\u00fcr die Gestaltung des Thrones zust\u00e4ndig.<\/p>\n<\/div>\n<\/div>\n\n\n\n<div class=\"wp-block-columns has-text-color has-link-color wp-elements-c20290addb9de998e2e132be273bf3f1 is-layout-flex wp-container-core-columns-is-layout-9d6595d7 wp-block-columns-is-layout-flex\" style=\"color:#ff0000\">\n<div class=\"wp-block-column is-layout-flow wp-block-column-is-layout-flow\" style=\"flex-basis:33.33%\">\n<p>\u00a76<\/p>\n<\/div>\n\n\n\n<div class=\"wp-block-column is-layout-flow wp-block-column-is-layout-flow\" style=\"flex-basis:66.66%\">\n<p>W\u00e4hrend der Veranstaltung bekundet das Prinzenpaar durch<\/p>\n\n\n\n<p>ausreichenden Applaus sein Wohlgefallen an den Darbietungen.<\/p>\n<\/div>\n<\/div>\n\n\n\n<div class=\"wp-block-columns has-text-color has-link-color wp-elements-aa848b3ece5adac40e00b3e919cd8d0d is-layout-flex wp-container-core-columns-is-layout-9d6595d7 wp-block-columns-is-layout-flex\" style=\"color:#ff0000\">\n<div class=\"wp-block-column is-layout-flow wp-block-column-is-layout-flow\" style=\"flex-basis:33.33%\">\n<p>\u00a77<\/p>\n<\/div>\n\n\n\n<div class=\"wp-block-column is-layout-flow wp-block-column-is-layout-flow\" style=\"flex-basis:66.66%\">\n<p>Das Prinzenpaar tanzt den Abschlusstanz und w\u00e4hlt sich dazu<\/p>\n\n\n\n<p>seine eigene Musik aus.<\/p>\n<\/div>\n<\/div>\n\n\n\n<div class=\"wp-block-columns has-text-color has-link-color wp-elements-32757193458532d7728b90206f358100 is-layout-flex wp-container-core-columns-is-layout-9d6595d7 wp-block-columns-is-layout-flex\" style=\"color:#ff0000\">\n<div class=\"wp-block-column is-layout-flow wp-block-column-is-layout-flow\" style=\"flex-basis:33.33%\">\n<p>\u00a78<\/p>\n<\/div>\n\n\n\n<div class=\"wp-block-column is-layout-flow wp-block-column-is-layout-flow\" style=\"flex-basis:66.66%\">\n<p>Nach der Veranstaltung warten alle Programmteilnehmer<\/p>\n\n\n\n<p>auf das \u201ePrinzenbier\u201c. F\u00fcr Kinder sollte auch etwas<\/p>\n\n\n\n<p>alkoholfreies im Angebot sein.<\/p>\n<\/div>\n<\/div>\n\n\n\n<div class=\"wp-block-columns is-layout-flex wp-container-core-columns-is-layout-9d6595d7 wp-block-columns-is-layout-flex\">\n<div class=\"wp-block-column has-text-color has-link-color wp-elements-7b955e9bfff0925a1ea508e1b6834326 is-layout-flow wp-block-column-is-layout-flow\" style=\"color:#ff0000;flex-basis:33.33%\">\n<p>\u00a79<\/p>\n<\/div>\n\n\n\n<div class=\"wp-block-column has-text-color has-link-color wp-elements-9420472e15842317975a2c6c014cf709 is-layout-flow wp-block-column-is-layout-flow\" style=\"color:#ff0000;flex-basis:66.66%\">\n<p>Bei allen Aufgaben erh\u00e4lt das Prinzenpaar Unterst\u00fctzung<\/p>\n\n\n\n<p>von den Prinzenpaar-Verantwortlichen<\/p>\n<\/div>\n<\/div>\n","protected":false},"excerpt":{"rendered":"<p>Das Prinzenpaar des AKV und seine Aufgaben Vorwort: Welches junge M\u00e4dchen tr\u00e4umt nicht davon, einmal im Leben Prinzessin zu sein und mit ihrem Traumprinzen Seite an Seite im Prinzessinnenkleid durch die festlich geschm\u00fcckten S\u00e4le zu Schreiten. Die fr\u00f6hlichen Menschen jubeln euch zu und lassen euch HOCH leben. Das Prinzenpaar sollte also Freude an gro\u00dfen Auftritten in der Menschenmenge, Freude am [&hellip;]<\/p>\n","protected":false},"author":1,"featured_media":0,"parent":0,"menu_order":0,"comment_status":"closed","ping_status":"closed","template":"","meta":{"footnotes":""},"class_list":["post-525","page","type-page","status-publish","hentry"],"_links":{"self":[{"href":"https:\/\/akv-alsleben.de\/index.php?rest_route=\/wp\/v2\/pages\/525","targetHints":{"allow":["GET"]}}],"collection":[{"href":"https:\/\/akv-alsleben.de\/index.php?rest_route=\/wp\/v2\/pages"}],"about":[{"href":"https:\/\/akv-alsleben.de\/index.php?rest_route=\/wp\/v2\/types\/page"}],"author":[{"embeddable":true,"href":"https:\/\/akv-alsleben.de\/index.php?rest_route=\/wp\/v2\/users\/1"}],"replies":[{"embeddable":true,"href":"https:\/\/akv-alsleben.de\/index.php?rest_route=%2Fwp%2Fv2%2Fcomments&post=525"}],"version-history":[{"count":5,"href":"https:\/\/akv-alsleben.de\/index.php?rest_route=\/wp\/v2\/pages\/525\/revisions"}],"predecessor-version":[{"id":530,"href":"https:\/\/akv-alsleben.de\/index.php?rest_route=\/wp\/v2\/pages\/525\/revisions\/530"}],"wp:attachment":[{"href":"https:\/\/akv-alsleben.de\/index.php?rest_route=%2Fwp%2Fv2%2Fmedia&parent=525"}],"curies":[{"name":"wp","href":"https:\/\/api.w.org\/{rel}","templated":true}]}}