{"id":2,"date":"2016-05-10T03:48:21","date_gmt":"2016-05-10T03:48:21","guid":{"rendered":"http:\/\/akv-alsleben.de\/?page_id=2"},"modified":"2026-01-07T18:51:16","modified_gmt":"2026-01-07T18:51:16","slug":"sample-page","status":"publish","type":"page","link":"https:\/\/akv-alsleben.de\/","title":{"rendered":"Startseite"},"content":{"rendered":"<div class=\"wp-block-image\">\n<figure class=\"aligncenter\"><img loading=\"lazy\" decoding=\"async\" width=\"300\" height=\"177\" src=\"https:\/\/akv-alsleben.de\/wp-content\/uploads\/2018\/09\/Helau-300x177.jpg\" alt=\"\" class=\"wp-image-112\" srcset=\"https:\/\/akv-alsleben.de\/wp-content\/uploads\/2018\/09\/Helau-300x177.jpg 300w, https:\/\/akv-alsleben.de\/wp-content\/uploads\/2018\/09\/Helau.jpg 358w\" sizes=\"auto, (max-width: 300px) 100vw, 300px\" \/><\/figure>\n<\/div>\n\n\n<p class=\"has-text-align-center\"><span style=\"color: #ff0000;\"><\/span><\/p>\n\n\n\n<div class=\"wp-block-group\"><div class=\"wp-block-group__inner-container is-layout-flow wp-block-group-is-layout-flow\">\n<p class=\"has-text-align-center\"><span style=\"color: #ff0000;\">&nbsp;Helau ihr Narren,<\/span><\/p>\n\n\n\n<p class=\"has-text-align-center\"><span style=\"color: #ff0000;\">der November unserer 61. Session liegt bereits hinter uns.<\/span><\/p>\n\n\n\n<p class=\"has-text-align-center\"><span style=\"color: #ff0000;\">Mit dem besten Puplikum und dem spontansten Prinzenpaar<\/span><\/p>\n\n\n\n<p class=\"has-text-align-center\"><span style=\"color: #ff0000;\">das wir jeh gesehen haben.<\/span><\/p>\n\n\n\n<p class=\"has-text-align-center\"><span style=\"color: #ff0000;\">Wir sind absolut gespannt was uns im Februar mit euch alles erwartet.<\/span><span style=\"color: #ff0000;\"><\/span><\/p>\n\n\n\n<p class=\"has-text-align-center\"><span style=\"color: #ff0000;\">Bleibt Lustig.Helau!<br><\/span><\/p>\n\n\n\n<div style=\"height:25px\" aria-hidden=\"true\" class=\"wp-block-spacer\"><\/div>\n\n\n\n<figure class=\"wp-block-image size-full\"><img loading=\"lazy\" decoding=\"async\" width=\"1810\" height=\"2560\" src=\"https:\/\/akv-alsleben.de\/wp-content\/uploads\/2026\/01\/PlakatFeb2026-4-scaled.jpg\" alt=\"\" class=\"wp-image-542\" srcset=\"https:\/\/akv-alsleben.de\/wp-content\/uploads\/2026\/01\/PlakatFeb2026-4-scaled.jpg 1810w, https:\/\/akv-alsleben.de\/wp-content\/uploads\/2026\/01\/PlakatFeb2026-4-212x300.jpg 212w, https:\/\/akv-alsleben.de\/wp-content\/uploads\/2026\/01\/PlakatFeb2026-4-724x1024.jpg 724w, https:\/\/akv-alsleben.de\/wp-content\/uploads\/2026\/01\/PlakatFeb2026-4-768x1086.jpg 768w, https:\/\/akv-alsleben.de\/wp-content\/uploads\/2026\/01\/PlakatFeb2026-4-1086x1536.jpg 1086w, https:\/\/akv-alsleben.de\/wp-content\/uploads\/2026\/01\/PlakatFeb2026-4-1448x2048.jpg 1448w\" sizes=\"auto, (max-width: 1810px) 100vw, 1810px\" \/><\/figure>\n\n\n\n<p><\/p>\n<\/div><\/div>\n\n\n\n<div style=\"height:100px\" aria-hidden=\"true\" class=\"wp-block-spacer\"><\/div>\n\n\n\n<hr class=\"wp-block-separator has-css-opacity is-style-wide\"\/>\n\n\n<div class=\"wp-block-image\">\n<figure class=\"aligncenter is-resized\"><a href=\"https:\/\/www.facebook.com\/AKVAlsleben\"><img loading=\"lazy\" decoding=\"async\" width=\"300\" height=\"38\" src=\"https:\/\/akv-alsleben.de\/wp-content\/uploads\/2018\/04\/banner2-300x38.jpg\" alt=\"\" class=\"wp-image-22\" style=\"width:466px;height:59px\" srcset=\"https:\/\/akv-alsleben.de\/wp-content\/uploads\/2018\/04\/banner2-300x38.jpg 300w, https:\/\/akv-alsleben.de\/wp-content\/uploads\/2018\/04\/banner2.jpg 468w\" sizes=\"auto, (max-width: 300px) 100vw, 300px\" \/><\/a><\/figure>\n<\/div>\n\n\n<div style=\"height:20px\" aria-hidden=\"true\" class=\"wp-block-spacer\"><\/div>\n\n\n\n<div class=\"wp-block-group\"><div class=\"wp-block-group__inner-container is-layout-flow wp-block-group-is-layout-flow\">\n<p class=\"has-text-align-center\"><span style=\"color: #ff0000;\">Wir f\u00f6rdern ein Generations\u00fcbergreifendes Erlebnis. <\/span><\/p>\n\n\n\n<p class=\"has-text-align-center\"><span style=\"color: #ff0000;\">Von Jung bis Alt ist jeder willkommen beim AKV! <\/span><\/p>\n\n\n\n<p class=\"has-text-align-center\"><span style=\"color: #ff0000;\">Es gibt folgende Voraussetzungen damit Du teilnehmen kannst:<\/span><\/p>\n\n\n\n<p class=\"has-text-align-center\"><span style=\"color: #ff0000;\"><strong>Einla\u00df ab 16 Jahre &#8211; <\/strong>P 16 JA IHR D\u00dcRFT, ABER:<\/span><\/p>\n\n\n\n<p><span style=\"color: #ff0000;\"><strong>&nbsp;<\/strong><\/span><\/p>\n\n\n\n<p class=\"has-text-align-center\"><span style=\"color: #ff0000;\"><strong>Die Voraussetzungen:<\/strong><\/span><\/p>\n\n\n\n<p class=\"has-text-align-center\"><span style=\"color: #ff0000;\">Nur in Begleitung mit einer Vollj\u00e4hrigen Person. Vollst\u00e4ndig ausgef\u00fcllte <\/span><\/p>\n\n\n\n<p class=\"has-text-align-center\"><span style=\"color: #ff0000;\">Erziehungsbeauftragung <span style=\"color: #3366ff;\"><a style=\"color: #3366ff;\" href=\"https:\/\/akv-alsleben.de\/wp-content\/uploads\/2019\/12\/Muttizettel-Veranstaltung.pdf\">(Muttizettel)<\/a>&nbsp;<\/span> am Einlass vorzeigen!<\/span><\/p>\n\n\n\n<hr class=\"wp-block-separator has-css-opacity\"\/>\n\n\n\n<p class=\"has-text-align-center\"><span style=\"color: #ff0000;\">Jugendschutzgesetz (JuSchG)<\/span><\/p>\n\n\n\n<p class=\"has-text-align-center\"><span style=\"color: #ff0000;\">\u00a7 5 Tanzveranstaltungen<\/span><\/p>\n\n\n\n<p class=\"has-text-align-center\"><span style=\"color: #ff0000;\">*<\/span><\/p>\n\n\n\n<p class=\"has-text-align-center\"><span style=\"color: #ff0000;\">1.Die Anwesenheit bei \u00f6ffentlichen Tanzveranstaltungen<\/span><\/p>\n\n\n\n<p class=\"has-text-align-center\"><span style=\"color: #ff0000;\"> ohne Begleitung einer personensorgeberechtigten oder <\/span><\/p>\n\n\n\n<p class=\"has-text-align-center\"><span style=\"color: #ff0000;\">erziehungsbeauftragten Person<\/span><\/p>\n\n\n\n<p class=\"has-text-align-center\"><span style=\"color: #ff0000;\"> darf Kindern und Jugendlichen unter 16 Jahren nicht<\/span><\/p>\n\n\n\n<p class=\"has-text-align-center\"><span style=\"color: #ff0000;\"> und Jugendlichen ab 16 Jahren l\u00e4ngstens bis 24 Uhr gestattet werden.<\/span><\/p>\n\n\n\n<p class=\"has-text-align-center\"><span style=\"color: #ff0000;\">*<\/span><\/p>\n\n\n\n<p class=\"has-text-align-center\"><span style=\"color: #ff0000;\">2. Abweichend von Absatz 1 darf die Anwesenheit Kindern<\/span><\/p>\n\n\n\n<p class=\"has-text-align-center\"><span style=\"color: #ff0000;\"> bis 22 Uhr und Jugendlichen unter 16 Jahren bis 24 Uhr gestattet werden,<\/span><\/p>\n\n\n\n<p class=\"has-text-align-center\"><span style=\"color: #ff0000;\"> wenn die Tanzveranstaltung von einem anerkannten Tr\u00e4ger<\/span><\/p>\n\n\n\n<p class=\"has-text-align-center\"><span style=\"color: #ff0000;\"> der Jugendhilfe durchgef\u00fchrt wird<\/span><\/p>\n\n\n\n<p class=\"has-text-align-center\"><span style=\"color: #ff0000;\"> oder der k\u00fcnstlerischen Bet\u00e4tigung oder der Brauchtumspflege dient.<\/span><\/p>\n\n\n\n<p class=\"has-text-align-center\"><span style=\"color: #ff0000;\">*<\/span><\/p>\n\n\n\n<p class=\"has-text-align-center\"><span style=\"color: #ff0000;\">3. Die zust\u00e4ndige Beh\u00f6rde kann Ausnahmen genehmigen.<\/span><\/p>\n<\/div><\/div>\n\n\n\n<p><\/p>\n","protected":false},"excerpt":{"rendered":"<p>&nbsp;Helau ihr Narren, der November unserer 61. Session liegt bereits hinter uns. Mit dem besten Puplikum und dem spontansten Prinzenpaar das wir jeh gesehen haben. Wir sind absolut gespannt was uns im Februar mit euch alles erwartet. Bleibt Lustig.Helau! Wir f\u00f6rdern ein Generations\u00fcbergreifendes Erlebnis. Von Jung bis Alt ist jeder willkommen beim AKV! Es gibt folgende Voraussetzungen damit Du teilnehmen [&hellip;]<\/p>\n","protected":false},"author":1,"featured_media":0,"parent":0,"menu_order":0,"comment_status":"closed","ping_status":"open","template":"","meta":{"footnotes":""},"class_list":["post-2","page","type-page","status-publish","hentry"],"_links":{"self":[{"href":"https:\/\/akv-alsleben.de\/index.php?rest_route=\/wp\/v2\/pages\/2","targetHints":{"allow":["GET"]}}],"collection":[{"href":"https:\/\/akv-alsleben.de\/index.php?rest_route=\/wp\/v2\/pages"}],"about":[{"href":"https:\/\/akv-alsleben.de\/index.php?rest_route=\/wp\/v2\/types\/page"}],"author":[{"embeddable":true,"href":"https:\/\/akv-alsleben.de\/index.php?rest_route=\/wp\/v2\/users\/1"}],"replies":[{"embeddable":true,"href":"https:\/\/akv-alsleben.de\/index.php?rest_route=%2Fwp%2Fv2%2Fcomments&post=2"}],"version-history":[{"count":50,"href":"https:\/\/akv-alsleben.de\/index.php?rest_route=\/wp\/v2\/pages\/2\/revisions"}],"predecessor-version":[{"id":544,"href":"https:\/\/akv-alsleben.de\/index.php?rest_route=\/wp\/v2\/pages\/2\/revisions\/544"}],"wp:attachment":[{"href":"https:\/\/akv-alsleben.de\/index.php?rest_route=%2Fwp%2Fv2%2Fmedia&parent=2"}],"curies":[{"name":"wp","href":"https:\/\/api.w.org\/{rel}","templated":true}]}}

<div class="wp-block-image">
<figure class="aligncenter"><img loading="lazy" decoding="async" width="300" height="177" src="https://akv-alsleben.de/wp-content/uploads/2018/09/Helau-300x177.jpg" alt="" class="wp-image-112" srcset="https://akv-alsleben.de/wp-content/uploads/2018/09/Helau-300x177.jpg 300w, https://akv-alsleben.de/wp-content/uploads/2018/09/Helau.jpg 358w" sizes="auto, (max-width: 300px) 100vw, 300px" /></figure>
</div>


<p class="has-text-align-center"><span style="color: #ff0000;"></span></p>



<div class="wp-block-group"><div class="wp-block-group__inner-container is-layout-flow wp-block-group-is-layout-flow">
<p class="has-text-align-center"><span style="color: #ff0000;">&nbsp;Helau ihr Narren,</span></p>



<p class="has-text-align-center"><span style="color: #ff0000;">der November unserer 61. Session liegt bereits hinter uns.</span></p>



<p class="has-text-align-center"><span style="color: #ff0000;">Mit dem besten Puplikum und dem spontansten Prinzenpaar</span></p>



<p class="has-text-align-center"><span style="color: #ff0000;">das wir jeh gesehen haben.</span></p>



<p class="has-text-align-center"><span style="color: #ff0000;">Wir sind absolut gespannt was uns im Februar mit euch alles erwartet.</span><span style="color: #ff0000;"></span></p>



<p class="has-text-align-center"><span style="color: #ff0000;">Bleibt Lustig.Helau!<br></span></p>



<div style="height:25px" aria-hidden="true" class="wp-block-spacer"></div>



<figure class="wp-block-image size-full"><img loading="lazy" decoding="async" width="1810" height="2560" src="https://akv-alsleben.de/wp-content/uploads/2026/01/PlakatFeb2026-4-scaled.jpg" alt="" class="wp-image-542" srcset="https://akv-alsleben.de/wp-content/uploads/2026/01/PlakatFeb2026-4-scaled.jpg 1810w, https://akv-alsleben.de/wp-content/uploads/2026/01/PlakatFeb2026-4-212x300.jpg 212w, https://akv-alsleben.de/wp-content/uploads/2026/01/PlakatFeb2026-4-724x1024.jpg 724w, https://akv-alsleben.de/wp-content/uploads/2026/01/PlakatFeb2026-4-768x1086.jpg 768w, https://akv-alsleben.de/wp-content/uploads/2026/01/PlakatFeb2026-4-1086x1536.jpg 1086w, https://akv-alsleben.de/wp-content/uploads/2026/01/PlakatFeb2026-4-1448x2048.jpg 1448w" sizes="auto, (max-width: 1810px) 100vw, 1810px" /></figure>



<p></p>
</div></div>



<div style="height:100px" aria-hidden="true" class="wp-block-spacer"></div>



<hr class="wp-block-separator has-css-opacity is-style-wide"/>


<div class="wp-block-image">
<figure class="aligncenter is-resized"><a href="https://www.facebook.com/AKVAlsleben"><img loading="lazy" decoding="async" width="300" height="38" src="https://akv-alsleben.de/wp-content/uploads/2018/04/banner2-300x38.jpg" alt="" class="wp-image-22" style="width:466px;height:59px" srcset="https://akv-alsleben.de/wp-content/uploads/2018/04/banner2-300x38.jpg 300w, https://akv-alsleben.de/wp-content/uploads/2018/04/banner2.jpg 468w" sizes="auto, (max-width: 300px) 100vw, 300px" /></a></figure>
</div>


<div style="height:20px" aria-hidden="true" class="wp-block-spacer"></div>



<div class="wp-block-group"><div class="wp-block-group__inner-container is-layout-flow wp-block-group-is-layout-flow">
<p class="has-text-align-center"><span style="color: #ff0000;">Wir fördern ein Generationsübergreifendes Erlebnis. </span></p>



<p class="has-text-align-center"><span style="color: #ff0000;">Von Jung bis Alt ist jeder willkommen beim AKV! </span></p>



<p class="has-text-align-center"><span style="color: #ff0000;">Es gibt folgende Voraussetzungen damit Du teilnehmen kannst:</span></p>



<p class="has-text-align-center"><span style="color: #ff0000;"><strong>Einlaß ab 16 Jahre &#8211; </strong>P 16 JA IHR DÜRFT, ABER:</span></p>



<p><span style="color: #ff0000;"><strong>&nbsp;</strong></span></p>



<p class="has-text-align-center"><span style="color: #ff0000;"><strong>Die Voraussetzungen:</strong></span></p>



<p class="has-text-align-center"><span style="color: #ff0000;">Nur in Begleitung mit einer Volljährigen Person. Vollständig ausgefüllte </span></p>



<p class="has-text-align-center"><span style="color: #ff0000;">Erziehungsbeauftragung <span style="color: #3366ff;"><a style="color: #3366ff;" href="https://akv-alsleben.de/wp-content/uploads/2019/12/Muttizettel-Veranstaltung.pdf">(Muttizettel)</a>&nbsp;</span> am Einlass vorzeigen!</span></p>



<hr class="wp-block-separator has-css-opacity"/>



<p class="has-text-align-center"><span style="color: #ff0000;">Jugendschutzgesetz (JuSchG)</span></p>



<p class="has-text-align-center"><span style="color: #ff0000;">§ 5 Tanzveranstaltungen</span></p>



<p class="has-text-align-center"><span style="color: #ff0000;">*</span></p>



<p class="has-text-align-center"><span style="color: #ff0000;">1.Die Anwesenheit bei öffentlichen Tanzveranstaltungen</span></p>



<p class="has-text-align-center"><span style="color: #ff0000;"> ohne Begleitung einer personensorgeberechtigten oder </span></p>



<p class="has-text-align-center"><span style="color: #ff0000;">erziehungsbeauftragten Person</span></p>



<p class="has-text-align-center"><span style="color: #ff0000;"> darf Kindern und Jugendlichen unter 16 Jahren nicht</span></p>



<p class="has-text-align-center"><span style="color: #ff0000;"> und Jugendlichen ab 16 Jahren längstens bis 24 Uhr gestattet werden.</span></p>



<p class="has-text-align-center"><span style="color: #ff0000;">*</span></p>



<p class="has-text-align-center"><span style="color: #ff0000;">2. Abweichend von Absatz 1 darf die Anwesenheit Kindern</span></p>



<p class="has-text-align-center"><span style="color: #ff0000;"> bis 22 Uhr und Jugendlichen unter 16 Jahren bis 24 Uhr gestattet werden,</span></p>



<p class="has-text-align-center"><span style="color: #ff0000;"> wenn die Tanzveranstaltung von einem anerkannten Träger</span></p>



<p class="has-text-align-center"><span style="color: #ff0000;"> der Jugendhilfe durchgeführt wird</span></p>



<p class="has-text-align-center"><span style="color: #ff0000;"> oder der künstlerischen Betätigung oder der Brauchtumspflege dient.</span></p>



<p class="has-text-align-center"><span style="color: #ff0000;">*</span></p>



<p class="has-text-align-center"><span style="color: #ff0000;">3. Die zuständige Behörde kann Ausnahmen genehmigen.</span></p>
</div></div>



<p></p>

<p>&nbsp;Helau ihr Narren, der November unserer 61. Session liegt bereits hinter uns. Mit dem besten Puplikum und dem spontansten Prinzenpaar das wir jeh gesehen haben. Wir sind absolut gespannt was uns im Februar mit euch alles erwartet. Bleibt Lustig.Helau! Wir fördern ein Generationsübergreifendes Erlebnis. Von Jung bis Alt ist jeder willkommen beim AKV! Es gibt folgende Voraussetzungen damit Du teilnehmen [&hellip;]</p>
